3. Give q(-21).
115
Let s(u) = 383*u + 4588. What is s(-12)?
-8
Let r(n) = -42*n - 3146. Calculate r(-75).
4
Let f(t) = 30*t**3 - t**2 + 3*t + 8. Calculate f(-2).
-242
Let x(l) = -13*l**2 + 857*l + 45. Calculate x(66).
-21
Let a(d) = -73*d**2 - 288*d - 13. Give a(-4).
-29
Let u(z) = -z**2 + 16*z + 668. Give u(-19).
3
Let s(m) = 76*m**2 - 314*m + 1. Give s(4).
-39
Let h(n) = -44*n**2 + 266*n - 42. Determine h(6).
-30
Let w(z) = -z**3 - 26*z**2 + z - 106. Give w(-26).
-132
Let a(k) = 4*k**3 + 3*k**2 - 4*k + 1. Give a(1).
4
Let c(u) = 4*u**2 + 292*u - 47. What is c(-73)?
-47
Let h(x) = -2*x**2 - 99*x - 715. What is h(-39)?
104
Let h(d) = -386*d - 762. Give h(-2).
10
Let w(m) = m**2 + 26*m + 34. What is w(-24)?
-14
Let k(i) = 2*i**2 - 93*i + 91. Calculate k(47).
138
Let b(m) = -m**3 - 6*m**2 - 17*m - 28. What is b(-7)?
140
Let c(q) = 150*q**2 + 1162*q + 786. Give c(-7).
2
Let c(l) = -67*l - 4254. Determine c(-64).
34
Let w(u) = -2*u**2 + 550*u - 37581. Give w(127).
11
Let g(o) = o**3 + 12*o**2 + 14*o + 20. What is g(-11)?
-13
Let p(y) = -1769*y + 12386. Determine p(7).
3
Let w(a) = -2*a**3 + 29*a**2 + 28*a - 219. Calculate w(15).
-24
Let a(w) = 3*w**2 - 28*w - 17. What is a(11)?
38
Let n(f) = 7*f**2 + 6*f - 24. What is n(4)?
112
Let t(x) = -x**3 + 27*x**2 + 6*x - 155. What is t(27)?
7
Let b(o) = 5*o**3 - 22*o**2 - 39*o - 31. Give b(6).
23
Let o(c) = -c**3 + 8*c**2 + 118*c - 60. Determine o(15).
135
Let v(h) = -h**3 + 29*h**2 - 47*h + 525. Determine v(28).
-7
Let g(t) = -369*t - 80067. Determine g(-217).
6
Let g(k) = -1456*k**2 - 33489*k - 30. Calculate g(-23).
-7
Let s(q) = 4*q**3 - 26*q**2 + 24*q - 27. Determine s(6).
45
Let m(t) = t**3 + 13*t**2 - 75*t - 40. Give m(-17).
79
Let t(f) = 2*f**3 + 12*f**2 + 12*f + 6. Give t(-4).
22
Let o(i) = 4*i**2 + 39*i + 15. Calculate o(-16).
415
Let z(y) = -105*y + 130. Give z(6).
-500
Let q(b) = 14*b**2 + 2490*b - 364. What is q(-178)?
-8
Let m(k) = -k**3 - 14*k**2 - 49*k - 666. What is m(-14)?
20
Let k(i) = i**3 + 63*i**2 + 299*i + 520. Calculate k(-58).
-2
Let p(g) = -6*g**2 + 40*g + 7. What is p(9)?
-119
Let s(r) = -363*r + 319. Give s(1).
-44
Let q(p) = -92*p - 5240. What is q(-57)?
4
Let p(h) = -h**3 + 50*h**2 - 244*h + 848. Determine p(45).
-7
Let k(h) = 250*h - 18137. Calculate k(73).
113
Let c(a) = a**2 - 47*a - 436. What is c(55)?
4
Let w(s) = -3*s**3 - 58*s**2 - 74*s - 60. Calculate w(-18).
-24
Let d(r) = r**3 - 10*r**2 + 25*r + 7. Determine d(7).
35
Let l(f) = -3*f**2 + 157*f + 215. What is l(56)?
-401
Let o(m) = 2*m**3 + 212*m**2 - 67*m - 7102. Give o(-106).
0
Let i(v) = 123*v - 28. Determine i(-2).
-274
Let o(a) = 6*a**2 + 161*a - 559. What is o(-30)?
11
Let r(q) = -q**3 + 107*q**2 - 630*q - 484. Calculate r(7).
6
Let m(y) = -3*y**3 - 43*y**2 - 15*y + 5. What is m(-14)?
19
Let h(n) = -2*n**2 + 17*n - 39. Calculate h(5).
-4
Let z(t) = 4*t**3 + 2*t**2 + 29*t + 62. Give z(-3).
-115
Let x(z) = -278*z**2 - 3894*z - 21. Determine x(-14).
7
Let b(c) = c**3 - 5*c**2 - 56*c - 19. Determine b(11).
91
Let f(h) = 2*h**3 - 348*h**2 + 6943*h + 72. What is f(23)?
3
Let f(h) = 186*h**2 + 711*h - 4. Give f(-4).
128
Let x(q) = 5*q**2 - 36*q + 9. Calculate x(7).
2
Let g(o) = -3*o**2 + 266*o - 3971. Give g(19).
0
Let h(b) = -7*b + 17. Determine h(-20).
157
Let n(l) = 121*l + 1333. What is n(-11)?
2
Let f(b) = -b**2 - 60*b + 880. Give f(-72).
16
Let o(b) = 2*b**2 + 810*b + 75617. Determine o(-146).
-11
Let g(y) = 8*y**2 + 39*y - 488. Give g(8).
336
Let y(f) = f**3 - f**2 - 6*f + 399. Give y(0).
399
Let t(p) = p**3 + 14*p**2 - 79*p - 81. Determine t(-17).
395
Let v(d) = d**2 + 278*d - 22293. Give v(65).
2
Let j(m) = m**2 - 71*m - 3154. Give j(-31).
8
Let r(i) = -4*i**3 + 40*i**2 + 37*i + 82. Calculate r(11).
5
Let j(w) = -72*w**3 - 3*w**2 - 124*w + 250. Determine j(2).
-586
Let k(f) = -250*f - 1204. Calculate k(-5).
46
Let s(o) = -9*o**3 - 2*o**2 + o - 2. Give s(3).
-260
Let s(f) = -10*f - 296. Determine s(-29).
-6
Let s(u) = u**3 - 46*u**2 + 126*u + 140. Determine s(43).
11
Let l(h) = 3*h**3 - 14*h**2 + 13*h - 12. What is l(4)?
8
Let d(t) = -101*t - 9594. What is d(-95)?
1
Let x(d) = 4608*d - 32253. What is x(7)?
3
Let c(t) = t**3 - 67*t**2 + 142*t - 712. What is c(65)?
68
Let n(u) = -u**2 + 12*u + 4. Calculate n(13).
-9
Let k(s) = s**3 - 11*s**2 + 11*s - 31. What is k(10)?
-21
Let o(j) = 117*j - 166. Give o(-5).
-751
Let o(n) = -6*n**2 - 122*n - 342. Give o(-17).
-2
Let b(s) = -170*s + 2385. What is b(14)?
5
Let x(h) = -h**2 - 6*h + 87. Give x(-9).
60
Let r(v) = -1168*v + 9090. Calculate r(8).
-254
Let q(k) = 14*k - 463. Give q(32).
-15
Let b(u) = -984*u - 5813. Give b(-6).
91
Let c(b) = 245*b + 2646. What is c(-11)?
-49
Let w(k) = 3811*k + 99083. Calculate w(-26).
-3
Let r(q) = -q**2 + 20*q - 69. Give r(4).
-5
Let a(v) = -v**3 + 80*v**2 - 244*v + 1005. What is a(77)?
4
Let m(f) = -243*f**2 + 2434*f - 26. What is m(10)?
14
Let o(z) = -z**3 + 13*z**2 - 5*z + 57. Give o(13).
-8
Let k(c) = -6*c**2 - 53*c + 4. What is k(-9)?
-5
Let t(a) = a**3 - 15*a**2 - 82*a + 82. Calculate t(21).
1006
Let r(g) = 23*g**2 + 189*g + 26. Calculate r(-8).
-14
Let k(t) = 2*t**3 - 88*t**2 + 91*t - 217. Determine k(43).
-2
Let u(o) = 6367*o + 267421. Calculate u(-42).
7
Let c(v) = v**2 + 11*v - 78. Calculate c(5).
2
Let t(g) = -18*g + 8. Calculate t(-20).
368
Let j(t) = t**2 - 404*t + 2009. Calculate j(5).
14
Let r(j) = 30*j - 752. Determine r(21).
-122
Let l(x) = -1141*x - 12567. What is l(-11)?
-16
Let z(u) = -u**2 + 24*u - 4. Calculate z(1).
19
Let m(u) = -5*u**3 + 3*u**2 + 15*u - 14. Calculate m(5).
-489
Let g(m) = m**2 + 142*m + 1454. Give g(-11).
13
Let i(a) = 263*a - 15043. Determine i(57).
-52
Let l(h) = h**3 - 11*h**2 + 5*h - 14. Determine l(10).
-64
Let z(l) = 10*l**2 + 3238*l + 12171. What is z(-320)?
11
Let p(o) = 32*o + 631. Give p(-15).
151
Let l(n) = 5*n**3 - 9*n**2 - 15*n - 7. What is l(-1)?
-6
Let d(r) = r**3 + 7*r**2 + 2*r - 55. Determine d(-7).
-69
Let u(w) = -475*w + 3321. Calculate u(7).
-4
Let h(b) = 17*b**2 - 80*b - 48. Give h(8).
400
Let y(j) = -j**2 - 42*j + 666. Calculate y(-53).
83
Let d(w) = -w**2 + 98. What is d(-11)?
-23
Let a(m) = -114*m - 1905. What is a(-18)?
147
Let f(t) = -t**2 - 25*t - 47. Determine f(-20).
53
Let h(m) = -m**2 + 106*m + 9688. Give h(165).
-47
Let y(r) = -1823*r + 7278. Calculate y(4).
-14
Let z(c) = -c**3 - 94*c**2 - 96*c - 296. What is z(-93)?
-17
Let j(f) = 122*f - 556. Calculate j(10).
664
Let v(u) = -u**2 + 53*u - 588. Calculate v(12).
-96
Let t(o) = -35*o - 1715. What is t(-49)?
0
Let x(b) = -3*b**3 - 3*b**2 + 4*b + 3. Give x(-4).
131
Let t(z) = 54*z + 29. Give t(1).
83
Let u(g) = g**3 - 28*g**2 - 21*g - 18. Determine u(28).
-606
Let q(g) = 3*g**2 - 6*g - 171. What is q(-7)?
18
Let k(q) = 389*q + 789. Give k(-2).
11
Let n(f) = -f**3 - 18*f**2 + 18*f + 29. What is n(-19)?
48
Let k(m) = -2*m**2 + 4198*m + 46426. Determine k(-11).
6
Let f(z) = 509*z - 46815. Determine f(92).
13
Let l(v) = 29*v - 646. Give l(22).
-8
Let w(p) = p**3 - 65*p**2 + 254*p - 612. Calculate w(61).
-2
Let q(k) = -k**3 - 60*k**2 + 1501*k - 8. Determine q(-79).
-8
Let i(h) = h**2 + 990*h - 2983. Give i(3).
-4
Let g(a) = a**2 + 42*a + 412. Calculate g(-16).
-4
Let j(y) = -26*y**2 - 113*y - 82. What is j(-3)?
23
Let g(m) = 2*m**2 - 108*m + 63. Calculate g(52).
-145
Let c(y) = -y**3 - 14*y**2 + 46*y + 222. Calculate c(-16).
-2
Let z(x) = -168*x + 3513. Determine z(23).
-351
Let a(c) = c**3 + 14*c**2 + 17*c + 208. Calculate a(-14).
-30
Let a(v) = 23*v - 98. Give a(-8).
-282
Let v(s) = -s**3 + 23*s**2 + 45*s - 1235. Calculate v(23).
-200
Let r(t) = -2*t**3 + 97*t**2 + 47*t + 171. Calculate r(49).
73
Let c(h) = -h**2 + 39*h - 56. Give c(26).
282
Let j(h) = -h**3 - 2*h**2 + 48*h + 180. Calculate j(-4).
20
Let g(s) = s - 34. Determine g(10).
-24
Let x(y) = -16*y**2 - 675*y - 5489. Calculate x(-11).
0
Let v(p) = 264*p - 2159. Determine v(8).
-47
Let m(u) = -u**3 + 5*u**2 + 3703*u - 11127. Calculate m(3).
0
Let n(g) = 3*g**3 + 2*g**2 + 10*g - 20. Determine n(2).
32
Let k(v) = -377*v - 4149. Give k(-11).
-2
Let c(d) = -260*d + 497. Determine c(5).
-803
Let j(n) = 17*n**2 - 444*n. Calculate j(26).
-52
Let q(h) = -h**3 - 5*h**2 + 14*h - 16. Calculate q(-9).
182
Let l(s) = s**3 + 79*s**2 + 1214*s - 236. Calculate l(-58).
-4
L